51597
List the prime factors of 138577238.
2, 61, 1135879
What are the prime factors of 1014668014?
2, 21803, 23269
List the prime factors of 51588024.
2, 3, 2149501
List the prime factors of 850586632.
2, 7, 1201, 12647
List the prime factors of 142689383.
211, 676253
List the prime factors of 215249403.
3, 71749801
What are the prime factors of 39873836?
2, 401, 24859
What are the prime factors of 2159625465?
3, 5, 557, 86161
What are the prime factors of 388115266?
2, 7, 11, 41, 61469
List the prime factors of 483892397.
281, 1722037
List the prime factors of 138271468.
2, 89, 388403
List the prime factors of 145685357.
29, 5023633
List the prime factors of 2811177929.
7, 31, 53, 244429
List the prime factors of 177737453.
177737453
What are the prime factors of 135457759?
61, 571, 3889
List the prime factors of 1698717508.
2, 37, 61, 83, 2267
List the prime factors of 131315697.
3, 47, 310439
List the prime factors of 36403483.
311, 117053
List the prime factors of 609603.
3, 17, 11953
List the prime factors of 18124774.
2, 491, 18457
What are the prime factors of 982224402?
2, 3, 17, 9629651
List the prime factors of 296362985.
5, 59272597
What are the prime factors of 6427450556?
2, 23, 53, 163, 8087
What are the prime factors of 661585894?
2, 131, 2525137
What are the prime factors of 34711957?
7, 37, 223, 601
What are the prime factors of 612777734?
2, 11273, 27179
What are the prime factors of 5212799167?
5212799167
List the prime factors of 66963291.
3, 29, 41, 18773
What are the prime factors of 12613948?
2, 19, 269, 617
What are the prime factors of 390892471?
390892471
List the prime factors of 130797799.
11, 53, 157, 1429
What are the prime factors of 430578363?
3, 17, 8442713
List the prime factors of 1398340719.
3, 67, 772991
What are the prime factors of 6028369956?
2, 3, 7, 23922103
What are the prime factors of 238002365?
5, 1049, 45377
What are the prime factors of 192988656?
2, 3, 7, 1013
What are the prime factors of 375141045?
3, 5, 25009403
What are the prime factors of 185914311?
3, 11, 941, 5987
What are the prime factors of 1879764931?
11, 67, 2550563
List the prime factors of 58136598.
2, 3, 13, 248447
List the prime factors of 193169394.
2, 3, 11, 325201
List the prime factors of 40823259.
3, 13607753
List the prime factors of 2186418520.
2, 5, 11, 13, 382241
List the prime factors of 60281236.
2, 31, 486139
What are the prime factors of 37360650?
2, 3, 5, 19, 13109
What are the prime factors of 307365975?
3, 5, 7, 9293
What are the prime factors of 107757069?
3, 7, 29, 59, 2999
List the prime factors of 127706742.
2, 3, 137, 51787
List the prime factors of 98254568.
2, 1399, 8779
What are the prime factors of 8387493940?
2, 5, 7, 103, 581657
What are the prime factors of 905251802?
2, 7, 13, 17, 23, 12721
What are the prime factors of 442813174?
2, 221406587
What are the prime factors of 115389003?
3, 53, 61, 11897
List the prime factors of 47314548.
2, 3, 587, 2239
What are the prime factors of 71771735?
5, 7, 2050621
List the prime factors of 11619404.
2, 2904851
What are the prime factors of 1205395556?
2, 29, 10391341
What are the prime factors of 4460444420?
2, 5, 223022221
What are the prime factors of 5918306389?
509, 11627321
List the prime factors of 95061023.
95061023
List the prime factors of 651775247.
651775247
List the prime factors of 543982755.
3, 5, 139, 1877
What are the prime factors of 1309631014?
2, 654815507
List the prime factors of 68414029.
23, 307, 9689
What are the prime factors of 84515395?
5, 16903079
List the prime factors of 193877439.
3, 7, 9232259
What are the prime factors of 272137402?
2, 136068701
List the prime factors of 219128422.
2, 109564211
List the prime factors of 421016085.
3, 5, 7, 41, 4657
List the prime factors of 473410477.
41, 11546597
List the prime factors of 500629573.
37, 53, 59, 4327
List the prime factors of 2177204760.
2, 3, 5, 6047791
List the prime factors of 1177630441.
13, 109, 831073
List the prime factors of 80052073.
19, 1777, 2371
List the prime factors of 258696849.
3, 29, 67, 44381
List the prime factors of 118053465.
3, 5, 7870231
What are the prime factors of 1838776386?
2, 3, 306462731
What are the prime factors of 202767769?
202767769
List the prime factors of 4253189884.
2, 1063297471
List the prime factors of 22431230.
2, 5, 2243123
List the prime factors of 2010098358.
2, 3, 111672131
List the prime factors of 35554314.
2, 3, 347, 17077
List the prime factors of 294373746.
2, 3, 67, 244091
What are the prime factors of 324789680?
2, 5, 4059871
List the prime factors of 87448605.
3, 5, 281, 20747
What are the prime factors of 3415492132?
2, 13, 271, 242371
List the prime factors of 16703178.
2, 3, 43, 101, 641
What are the prime factors of 652566358?
2, 139, 2347361
List the prime factors of 123953935.
5, 7, 3541541
List the prime factors of 2948062186.
2, 229, 6436817
What are the prime factors of 88664112?
2, 3, 17, 12073
What are the prime factors of 290016504?
2, 3, 1342669
What are the prime factors of 1593524450?
2, 5, 7, 41, 293, 379
List the prime factors of 2530765036.
2, 9857, 64187
What are the prime factors of 89638631?
7649, 11719
What are the prime factors of 45773172?
2, 3, 83, 15319
List the prime factors of 1769970530.
2, 5, 176997053
What are the prime factors of 93029094?
2, 3, 157, 10973
What are the prime factors of 3283473276?
2, 3, 91207591
What are the prime factors of 44015973?
3, 14671991
List the prime factors of 220012224.
2, 3, 1145897
What are the prime factors of 1368283854?
2, 3, 7, 2671, 12197
What are the prime factors of 34312161?
3, 13, 879799
What are the prime factors of 15595251?
3, 7, 509, 1459
List the prime factors of 43602836.
2, 10900709
List the prime factors of 251853057.
3, 3109297
List the prime factors of 1712002.
2, 17, 43, 1171
List the prime factors of 95502829.
29, 1783, 1847
What are the prime factors of 437882364?
2, 3, 12163399
List the prime factors of 105376904.
2, 13172113
What are the prime factors of 44677619?
7, 6382517
List the prime factors of 749219261.
7, 131, 116719
List the prime factors of 479770963.
7, 1021, 67129
List the prime factors of 3348837451.
281, 11917571
List the prime factors of 2658428591.
7, 13, 31, 942371
What are the prime factors of 25371146?
2, 12685573
List the prime factors of 504311468.
2, 59, 2136913
List the prime factors of 59664585.
3, 5, 3977639
List the prime factors of 4881957.
3, 23, 70753
What are the prime factors of 149905105?
5, 7, 181, 23663
What are the prime factors of 1621371966?
2, 3, 83, 3255767
What are the prime factors of 3282703489?
13, 19424281
List the prime factors of 268222956.
2, 3, 631, 35423
List the prime factors of 4115785.
5, 17, 41, 1181
List the prime factors of 240838980.
2, 3, 5, 23, 61, 2861
List the prime factors of 1056352919.
17, 5417, 11471
List the prime factors of 1109981967.
3, 369993989
What are the prime factors of 137914834?
2, 68957417
What are the prime factors of 1923737756?
2, 23, 73, 97, 2953
List the prime factors of 52845054.
2, 3, 1523, 5783
What are the prime factors of 111111073?
61, 331, 5503
What are the prime factors of 1752068386?
2, 563, 1556011
What are the prime factors of 98857183?
98857183
What are the prime factors of 48581383?
97, 500839
List the prime factors of 163244994.
2, 3, 11, 2473409
List the prime factors of 5379147.
3, 19, 83, 379
What are the prime factors of 117722833?
2131, 55243
What are the prime factors of 474592029?
3, 158197343
List the prime factors of 2007485993.
41, 48963073
List the prime factors of 685463713.
11, 4079, 15277
List the prime factors of 258269928.
2, 3, 7, 31, 101, 491
What are the prime factors of 269890423?
11, 24535493
List the prime factors of 3405350218.
2, 89, 439, 43579
List the prime factors of 33055436.
2, 8263859
List the prime factors of 375018855.
3, 5, 89, 280913
List the prime factors of 59101590.
2, 3, 5, 19, 103687
List the prime factors of 1028000099.
7, 131, 1121047
What are the prime factors of 291224501?
17, 17130853
What are the prime factors of 149292773?
7, 3613, 5903
What are the prime factors of 191641550?
2, 5, 3832831
What are the prime factors of 134011918?
2, 17, 773, 5099
List the prime factors of 138410737.
71, 274